t j(f) be the second derivative of -f**3/6 + 35*f**2/2 + 116*f - 5. What is j(-17)?
52
Let d(n) = -2*n**2 + 211*n + 851. Let v be d(-4). Let w(h) = h**2 + 21*h - 89. What is w(v)?
11
Let p be (-14)/4 + 374/68. Let h be (3/((-9)/p))/(2/(-3)). Let w(k) = 5*k + 1. Give w(h).
6
Suppose 17*j = j + 144. Let y be ((-6)/j)/((-8)/(-12)). Let p(o) = -6*o**3 + o**2 + 2*o + 1. Calculate p(y).
6
Let m(c) = -c**3 - 3*c**2 + 2*c + 3. Let r be (5100/(-348))/5 + 2/(-29). Give m(r).
-3
Suppose 5*f = 4*p + 20, -4*p = f + 4*f + 20. Let d = 381 + -263. Let x(k) = 0 + 117*k + 1 - d*k. Give x(p).
6
Let n be (128/(-320))/((-1)/(-10)). Let t(m) = m**2 - 12*m - 3. Let v(x) = -2*x. Let u(g) = n*v(g) + t(g). Determine u(-2).
9
Let l(q) = 34*q + 30*q + 33*q + 38*q - 133*q + 2. Suppose -4*d + 22 = -3*k, -2*k + 0*k = d. Suppose 6*f - f = -3*a - 6, -27 = 5*f - d*a. Determine l(f).
-4
Let j(q) = 8*q**2 + 11*q - 15. Let i(o) = 5 - 19*o**2 - 4*o - 22*o**2 + 39*o**2. Let w(r) = 7*i(r) + 2*j(r). Determine w(4).
13
Let p(k) = -2*k**2 - 4*k + 15. Let x(t) = -5*t**2 - 7*t + 32. Let i(y) = -7*p(y) + 3*x(y). Give i(7).
-9
Let q = -1 - -5. Let p(v) = -1 + 6*v - v - q*v. Suppose 228 + 137 = -73*r. Determine p(r).
-6
Let d be ((-6)/20)/(22/(-495)*27). Let p(f) be the first derivative of -2*f - 10 + 0*f**2 - d*f**4 + 2/3*f**3. Give p(2).
-2
Let i(o) be the first derivative of -o**2/2 + o - 23. Suppose 3*d - 2*m + 13 = 0, 0 = -d + 4*d + 2*m + 5. Determine i(d).
4
Let p(r) = 2*r**2 - 68*r + 446. Let o be p(25). Let y(w) = -4*w - 2 - 1 - w. Give y(o).
17
Let w(i) be the first derivative of i**4/4 - i**3/3 + i**2/2 + 4. Let p = -5692 + 5694. Calculate w(p).
6
Let w(q) = -2*q**2 - q + 1. Let f be -8 + (-92)/(-12) + (-4)/(-3). Calculate w(f).
-2
Let i(q) be the third derivative of 35*q**4/24 - 57*q**3/2 + 2*q**2 - q + 181. Calculate i(6).
39
Let t = 397 - 393. Let z(o) = 3 - o**2 + 3*o**2 - 18 - 5*o + 12. Give z(t).
9
Let p(w) be the third derivative of w**6/120 + w**5/12 + w**4/12 - 17*w**3/6 + 6*w**2 - 59. Determine p(-4).
-9
Let n(v) = v**2 - 4*v - 2. Let c(q) = -2*q**2 + 28*q + 15. Let i be c(15). Let g be -2 + -6*5/i. Let f be (-3 + g)/((-6)/6). Calculate n(f).
-5
Let m(s) = 17*s**3 + 5*s**2 - 10*s + 57. Let p(c) = 5*c**3 + 2*c**2 - 7*c + 19. Let g(v) = -2*m(v) + 7*p(v). Calculate g(-8).
-5
Let u(f) = -f**3 + f - 1. Let z(t) = -2540*t**2 - 6*t**3 + 4*t - 9 + 4*t + 2542*t**2. Let y(k) = -5*u(k) + z(k). Determine y(2).
2
Let d(z) = 15*z + 66. Let a(i) = 2*i - 2. Let q(h) = 3*a(h) - d(h). Let p be q(-8). Let u(k) = -2*k - 19. Determine u(p).
-19
Let n(t) be the first derivative of t**3/3 - t**2/2 + 31*t + 2696. What is n(0)?
31
Suppose -4*b + 15 = -b. Let m(v) = 7*v**2 + b*v - v - 3*v. Suppose 17*k - 3*d = 12*k + 17, -3*k + 4*d = -19. Give m(k).
8
Let g(q) = -q**2 - 15*q + 2. Let a be g(-15). Let o(s) be the first derivative of 2*s**2 - a*s - 3 + 1/4*s**4 - 4/3*s**3. Determine o(2).
-2
Let o(u) = 575369 - 575168 - 8*u - 8*u. Calculate o(13).
-7
Let r(n) = 3*n**3 + 4*n**2 - n - 2. Let g(w) = 345*w - 1038. Let t be g(3). Give r(t).
-44
Let o(s) = -2164 + 8*s**2 - 12*s**2 + 2168 - 44*s. Calculate o(-11).
4
Let o be 134*(-1 + 7/2). Let w = 330 - o. Let g(v) = -v**2 - 8*v - 6. Calculate g(w).
9
Let h(f) = f**3 + 2*f**2 + 1. Let x = 52 - 47. Suppose 3*j + j = -4*a + 28, -30 = -4*j - x*a. Suppose 5 = -j*s - 10. Determine h(s).
-8
Let n be 10 + 5/1 + -4. Suppose -4*c = 4*s - 28, -3*s - c + n = -s. Let d(z) = 3*z + 5 - s*z + 1. What is d(5)?
1
Suppose 647*f - 679*f + 160 = 0. Let l(n) = -n + 7. Calculate l(f).
2
Let z(s) = -3*s + 3. Suppose 2*u = -d + 29, 2*u - u - 27 = -3*d. Calculate z(u).
-33
Let s(p) = -p**3 - 7*p**2 - 4*p + 8. Let c = 9 - 4. Suppose -5*w + c*f - 167 = 148, 0 = -f - 3. Let y = w + 60. Determine s(y).
-4
Let s be 0 + -2 - 2/(-2). Let z(q) = -1 - 60 + 10 + 15 + 39 + 2*q + 4*q. Give z(s).
-3
Let h(z) = 8*z**3 + 3*z**2 + 23*z - 31. Let i(p) = -3*p**3 - p**2 - 8*p + 11. Let v(g) = -6*h(g) - 17*i(g). Suppose x + 2*b = 3*x - 4, -3*x = -b. Give v(x).
-3
Let r(i) = 3*i**3 - 2*i - 2*i**3 - 14 - 3*i + 42*i**2 - 47*i**2. Let a(v) = v**2 - 14*v - 66. Let u be a(18). What is r(u)?
-8
Let p(n) = -n**2 + 16*n - 35. Let d = -13691 + 13705. Determine p(d).
-7
Let n(y) = -y**3 - 4*y**2 - 2*y + 1. Let l be (-12)/(-16) + 77/4. Let m = 55 - 38. Let i = m - l. Calculate n(i).
-2
Let j(i) = -2*i + 1. Let m be (-34)/51*33/2. Let f(r) = 2*r**3 + 22*r**2 + 4. Let z be f(m). Calculate j(z).
-7
Suppose 0 = 4*d - 3*w + 5*w - 1198, -4*w + 1496 = 5*d. Let u(v) = 147*v - d*v + 1 + 148*v. Suppose 0*j + 2 = -2*j. Determine u(j).
6
Let i(q) = -39*q - 398. Let w(g) = 26*g + 255. Let l(u) = -5*i(u) - 8*w(u). What is l(-5)?
15
Suppose 3*c + 6 = 3*u, 0*c - 2*c + 2 = 0. Let r(x) = -20*x**2 - 5*x + 4. Let a(n) = 9*n**2 + 2*n - 2. Let t(v) = u*r(v) + 7*a(v). Give t(2).
8
Let d(k) be the first derivative of 13*k**3/3 - k - 862. Let h(c) = c + 6. Let s be h(-5). Determine d(s).
12
Let f(s) = 22*s - 252. Let p be f(12). Let j(q) = -q**3 + 11*q**2 + 11*q - 4. Give j(p).
-16
Let s(q) = -2*q - 1. Let v be 2/((-10)/(-2) + -4). Let z be (0 - v) + 1 - 0/(-5). Calculate s(z).
1
Let r(g) be the first derivative of -g**2/2 + g - 79. Let b(p) be the first derivative of 4*p**2 - p - 8. Let n(c) = b(c) + 6*r(c). Determine n(-7).
-9
Let u(v) = v**3 - v**2 + 6*v + 1. Let m(n) = -3*n**3 - 3*n**2 - 22*n + 13. Let j(b) = m(b) + 4*u(b). What is j(6)?
-7
Let u(b) = -b. Let r be u(-1). Let q(d) = 1 + 158*d + 156*d + 148*d - 463*d. Determine q(r).
0
Let v(t) be the third derivative of 0 + 7/24*t**4 - 9*t**2 + 0*t + 1/3*t**3. Let o be ((-12)/(-10))/((-15)/(-25)). Give v(o).
16
Let c(x) = x - 7. Let v = -4 + 0. Let u(d) = d**3 - 7*d**2 - 16*d - 12. Let g be u(9). Let a be (g/v)/((-33)/110). What is c(a)?
-2
Let l(r) = r**2 - r - 13. Let h(a) = -a**2 + 2*a + 24. Let g(q) = -h(q) - 2*l(q). Let o = -4 + 2. Let b be (-34)/12 - o/(-12). Give g(b).
-7
Let m(x) be the third derivative of -3*x**5/20 - x**4/3 + 19*x**3/6 - 2*x**2 - x + 2267. Determine m(3).
-86
Let i(h) be the second derivative of -25*h**3/6 + 238*h**2 - 5700*h. Calculate i(19).
1
Let n(a) = -4*a**3 + 4*a**2 - 3*a + 1. Let u(h) = -14*h + 101. Let d be u(7). Calculate n(d).
-80
Let s(a) = -a**2 + a + 1. Let f(y) = -3*y**2 + 12*y - 6. Let u(l) = -f(l) + 2*s(l). Let c = -383 - -499. Suppose 5*g = 151 - c. What is u(g)?
-13
Let s be ((-115)/(-10) + -11)/(1/6). Let c(l) = -50 - s*l + 5*l - l + 40. Calculate c(0).
-10
Suppose -6*g - 6 = -7*g. Suppose 5*k = g*k + 2. Let l be k/(-3)*(21/6 + -2). Let c(s) = -8*s**2. Determine c(l).
-8
Let a(w) = -1. Let u(c) = -c**2 - 5*c + 6. Suppose 0 = 17*q + 20 - 71. Let b(n) = q*a(n) + u(n). What is b(-4)?
7
Let f(b) = 170*b - 339. Let v be f(2). Let t(s) = -s**3. Let d(u) = 12*u**3 - 2*u**2 + 2*u - 1. Let r(i) = -d(i) - 4*t(i). Determine r(v).
-7
Let l(p) = -3*p + 15. Let r(j) = j - 5. Let g(y) = -2*l(y) - 7*r(y). Let b(q) = -2*q**3 - 6*q**2 + 13*q + 5. Let w be b(-5). Let i = 47 - w. What is g(i)?
-2
Suppose 4*r - 6*r - 19 = -5*w, -4*w - 5*r + 2 = 0. Let s be ((-42)/7)/(w/2). Let x(l) = 3*l + 51 - 51. Give x(s).
-12
Let o(q) = q**2 - 11*q - 94. Let c(k) = -k - 4. Let s(d) = c(d) + o(d). Give s(17).
-13
Let k(b) = 3*b**2 - 33*b + 80. Let g(p) = -p**2 + 11*p - 27. Let r(d) = -17*g(d) - 6*k(d). Suppose 0 = 1549*t - 16428 + 938. Calculate r(t).
-11
Let k(a) be the third derivative of 0 + 34*a**2 - 1/60*a**5 + 2/3*a**3 + 0*a - 1/2*a**4. Give k(-12).
4
Let n(q) = 178*q**2 + 124*q - 117. Let j(m) = -65*m**2 - 42*m + 40. Let v(t) = 11*j(t) + 4*n(t). Calculate v(10).
12
Let y(l) = 2*l**2 - 6*l + 34. Suppose 240*n - 1042 = 638. Calculate y(n).
90
Let a be (438/(-8))/(7/(-28)). Let k(v) = 208*v + a*v - 418*v - 4. Determine k(3).
23
Let l(a) = a**2 + a + 3. Let z(n) be the first derivative of -n**4/4 - 11*n**3/3 + 1802. Suppose -13 = o - 2. Let c be z(o). Calculate l(c).
3
Let y be (-6 - 4)*((-432)/(-45))/(-6). Let b(s) = s**3 - 17*s**2 + 14*s + 30. What is b(y)?
-2
Let x(t) = -9*t - 10. Let y be -2*(-1)/(-4) + 9/(-6). Let n be x(y). Let u(m) = -13*m - 1 + 0*m**2 - 1 - 2*m**2 + n*m + m**3. Determine u(4).
10
Let r = 12320 - 12319. Let q(x) = 15*x**3 - x**2 + 4*x - 3. Determine q(r).
15
Let k(o) = o**3 - o**2 - 3*o + 2. Suppose 27 - 42 = -l. Suppose -l*g + 70 = 25. W